{"id":648,"date":"2023-11-02T18:48:10","date_gmt":"2023-11-02T17:48:10","guid":{"rendered":"https:\/\/biohelper.dibujatumundo.com\/?page_id=648"},"modified":"2024-04-16T15:46:34","modified_gmt":"2024-04-16T13:46:34","slug":"ibs","status":"publish","type":"page","link":"https:\/\/biohelper.dibujatumundo.com\/index.php\/ibs\/","title":{"rendered":"IBS"},"content":{"rendered":"\t\t<div data-elementor-type=\"wp-page\" data-elementor-id=\"648\" class=\"elementor elementor-648\">\n\t\t\t\t<div class=\"elementor-element elementor-element-e3d29a5 e-flex e-con-boxed wpr-particle-no wpr-jarallax-no wpr-parallax-no wpr-sticky-section-no e-con e-parent\" data-id=\"e3d29a5\" data-element_type=\"container\" data-settings=\"{&quot;background_background&quot;:&quot;classic&quot;}\">\n\t\t\t\t\t<div class=\"e-con-inner\">\n\t\t\t\t<div class=\"elementor-element elementor-element-5a9de59 elementor-widget elementor-widget-image\" data-id=\"5a9de59\" data-element_type=\"widget\" data-widget_type=\"image.default\">\n\t\t\t\t<div class=\"elementor-widget-container\">\n\t\t\t<style>\/*! elementor - v3.21.0 - 15-04-2024 *\/\n.elementor-widget-image{text-align:center}.elementor-widget-image a{display:inline-block}.elementor-widget-image a img[src$=\".svg\"]{width:48px}.elementor-widget-image img{vertical-align:middle;display:inline-block}<\/style>\t\t\t\t\t\t\t\t\t\t<img fetchpriority=\"high\" decoding=\"async\" width=\"2917\" height=\"1667\" src=\"https:\/\/biohelper.dibujatumundo.com\/wp-content\/uploads\/2023\/10\/Biohelper_Logo-01.png\" class=\"attachment-full size-full wp-image-54\" alt=\"\" srcset=\"https:\/\/biohelper.dibujatumundo.com\/wp-content\/uploads\/2023\/10\/Biohelper_Logo-01.png 2917w, https:\/\/biohelper.dibujatumundo.com\/wp-content\/uploads\/2023\/10\/Biohelper_Logo-01-300x171.png 300w, https:\/\/biohelper.dibujatumundo.com\/wp-content\/uploads\/2023\/10\/Biohelper_Logo-01-1024x585.png 1024w, https:\/\/biohelper.dibujatumundo.com\/wp-content\/uploads\/2023\/10\/Biohelper_Logo-01-768x439.png 768w, https:\/\/biohelper.dibujatumundo.com\/wp-content\/uploads\/2023\/10\/Biohelper_Logo-01-1536x878.png 1536w, https:\/\/biohelper.dibujatumundo.com\/wp-content\/uploads\/2023\/10\/Biohelper_Logo-01-2048x1170.png 2048w\" sizes=\"(max-width: 2917px) 100vw, 2917px\" \/>\t\t\t\t\t\t\t\t\t\t\t\t\t<\/div>\n\t\t\t\t<\/div>\n\t\t\t\t<div class=\"elementor-element elementor-element-63d7af0 elementor-widget elementor-widget-heading\" data-id=\"63d7af0\" data-element_type=\"widget\" data-widget_type=\"heading.default\">\n\t\t\t\t<div class=\"elementor-widget-container\">\n\t\t\t<style>\/*! elementor - v3.21.0 - 15-04-2024 *\/\n.elementor-heading-title{padding:0;margin:0;line-height:1}.elementor-widget-heading .elementor-heading-title[class*=elementor-size-]>a{color:inherit;font-size:inherit;line-height:inherit}.elementor-widget-heading .elementor-heading-title.elementor-size-small{font-size:15px}.elementor-widget-heading .elementor-heading-title.elementor-size-medium{font-size:19px}.elementor-widget-heading .elementor-heading-title.elementor-size-large{font-size:29px}.elementor-widget-heading .elementor-heading-title.elementor-size-xl{font-size:39px}.elementor-widget-heading .elementor-heading-title.elementor-size-xxl{font-size:59px}<\/style><h2 class=\"elementor-heading-title elementor-size-default\">\u00a1Descubr\u00ed la soluci\u00f3n!<\/h2>\t\t<\/div>\n\t\t\t\t<\/div>\n\t\t\t\t<div class=\"elementor-element elementor-element-30a7e3f elementor-widget elementor-widget-heading\" data-id=\"30a7e3f\" data-element_type=\"widget\" data-widget_type=\"heading.default\">\n\t\t\t\t<div class=\"elementor-widget-container\">\n\t\t\t<h2 class=\"elementor-heading-title elementor-size-default\">DailyLact IBS es el suplemento especialmente formulado para <br>tratar los s\u00edntomas del <br>S\u00edndrome de Colon Irritable.<\/h2>\t\t<\/div>\n\t\t\t\t<\/div>\n\t\t\t\t<div class=\"elementor-element elementor-element-8d5a5e9 elementor-widget elementor-widget-image\" data-id=\"8d5a5e9\" data-element_type=\"widget\" data-widget_type=\"image.default\">\n\t\t\t\t<div class=\"elementor-widget-container\">\n\t\t\t\t\t\t\t\t\t\t\t\t\t<img decoding=\"async\" width=\"1004\" height=\"693\" src=\"https:\/\/biohelper.dibujatumundo.com\/wp-content\/uploads\/2023\/10\/DailyLact_IBS.png\" class=\"attachment-full size-full wp-image-34\" alt=\"\" srcset=\"https:\/\/biohelper.dibujatumundo.com\/wp-content\/uploads\/2023\/10\/DailyLact_IBS.png 1004w, https:\/\/biohelper.dibujatumundo.com\/wp-content\/uploads\/2023\/10\/DailyLact_IBS-300x207.png 300w, https:\/\/biohelper.dibujatumundo.com\/wp-content\/uploads\/2023\/10\/DailyLact_IBS-768x530.png 768w\" sizes=\"(max-width: 1004px) 100vw, 1004px\" \/>\t\t\t\t\t\t\t\t\t\t\t\t\t<\/div>\n\t\t\t\t<\/div>\n\t\t\t\t<div class=\"elementor-element elementor-element-a76e668 elementor-widget elementor-widget-heading\" data-id=\"a76e668\" data-element_type=\"widget\" data-widget_type=\"heading.default\">\n\t\t\t\t<div class=\"elementor-widget-container\">\n\t\t\t<h2 class=\"elementor-heading-title elementor-size-default\">Indicado por la Organizaci\u00f3n Mundial de Gastroenterolog\u00eda (WGO) para el tratamiento del S\u00edndrome de Color Irritable (SCI).<br>Referenciado en las recomendaciones m\u00e1s recientes&nbsp;(2017).<\/h2>\t\t<\/div>\n\t\t\t\t<\/div>\n\t\t\t\t<div class=\"elementor-element elementor-element-bbccaf8 elementor-align-center elementor-widget elementor-widget-button\" data-id=\"bbccaf8\" data-element_type=\"widget\" data-widget_type=\"button.default\">\n\t\t\t\t<div class=\"elementor-widget-container\">\n\t\t\t\t\t<div class=\"elementor-button-wrapper\">\n\t\t\t<a class=\"elementor-button elementor-button-link elementor-size-sm\" href=\"https:\/\/biohelper.dibujatumundo.com\/index.php\/interactive\/\">\n\t\t\t\t\t\t<span class=\"elementor-button-content-wrapper\">\n\t\t\t\t\t\t<span class=\"elementor-button-icon elementor-align-icon-right\">\n\t\t\t\t<i aria-hidden=\"true\" class=\"fas fa-angle-right\"><\/i>\t\t\t<\/span>\n\t\t\t\t\t\t\t\t\t<span class=\"elementor-button-text\">finalizar<\/span>\n\t\t\t\t\t<\/span>\n\t\t\t\t\t<\/a>\n\t\t<\/div>\n\t\t\t\t<\/div>\n\t\t\t\t<\/div>\n\t\t\t\t\t<\/div>\n\t\t\t\t<\/div>\n\t\t\t\t<\/div>\n\t\t","protected":false},"excerpt":{"rendered":"<p>\u00a1Descubr\u00ed la soluci\u00f3n! DailyLact IBS es el suplemento especialmente formulado para tratar los s\u00edntomas del S\u00edndrome de Colon Irritable. Indicado por la Organizaci\u00f3n Mundial de Gastroenterolog\u00eda (WGO) para el tratamiento del S\u00edndrome de Color Irritable (SCI).Referenciado en las recomendaciones m\u00e1s recientes&nbsp;(2017). finalizar<\/p>\n","protected":false},"author":1,"featured_media":0,"parent":0,"menu_order":0,"comment_status":"closed","ping_status":"closed","template":"elementor_canvas","meta":{"footnotes":""},"_links":{"self":[{"href":"https:\/\/biohelper.dibujatumundo.com\/index.php\/wp-json\/wp\/v2\/pages\/648"}],"collection":[{"href":"https:\/\/biohelper.dibujatumundo.com\/index.php\/wp-json\/wp\/v2\/pages"}],"about":[{"href":"https:\/\/biohelper.dibujatumundo.com\/index.php\/wp-json\/wp\/v2\/types\/page"}],"author":[{"embeddable":true,"href":"https:\/\/biohelper.dibujatumundo.com\/index.php\/wp-json\/wp\/v2\/users\/1"}],"replies":[{"embeddable":true,"href":"https:\/\/biohelper.dibujatumundo.com\/index.php\/wp-json\/wp\/v2\/comments?post=648"}],"version-history":[{"count":73,"href":"https:\/\/biohelper.dibujatumundo.com\/index.php\/wp-json\/wp\/v2\/pages\/648\/revisions"}],"predecessor-version":[{"id":1026,"href":"https:\/\/biohelper.dibujatumundo.com\/index.php\/wp-json\/wp\/v2\/pages\/648\/revisions\/1026"}],"wp:attachment":[{"href":"https:\/\/biohelper.dibujatumundo.com\/index.php\/wp-json\/wp\/v2\/media?parent=648"}],"curies":[{"name":"wp","href":"https:\/\/api.w.org\/{rel}","templated":true}]}}